123?
False
Is 194000807 a multiple of 331?
False
Is 310 a factor of 99230840?
False
Is 347 a factor of 47220801?
True
Is 36 a factor of 1091057444?
False
Is 1410 a factor of 71926920?
True
Does 8 divide 1066112153?
False
Is 22 a factor of 1008146660?
False
Is 11 a factor of 93844006?
False
Is 104 a factor of 47581352?
True
Is 825 a factor of 73253400?
True
Is 118 a factor of 17932932?
True
Does 101 divide 155581612?
True
Is 7 a factor of 11308570?
True
Does 27 divide 128668231?
False
Does 423 divide 153895860?
True
Does 47 divide 34865446?
True
Is 2087919660 a multiple of 15?
True
Is 376 a factor of 871049286?
False
Is 10 a factor of 1514951660?
True
Does 935 divide 20171690?
True
Is 118 a factor of 37696162?
True
Is 483629275 a multiple of 738?
False
Does 2198 divide 128587396?
True
Does 49 divide 4530685?
False
Does 3257 divide 68771555?
True
Is 104 a factor of 23741016?
True
Is 21 a factor of 35774634?
True
Does 132 divide 235379892?
True
Does 96 divide 188648640?
True
Is 48772819 a multiple of 13?
False
Is 2063 a factor of 202817467?
False
Is 13 a factor of 5427156562?
False
Does 924 divide 1305690465?
False
Is 2171780667 a multiple of 19?
False
Is 444051687 a multiple of 245?
False
Is 9070347 a multiple of 143?
True
Is 157 a factor of 609535433?
False
Does 589 divide 2453073869?
False
Is 4 a factor of 36761590?
False
Is 4184 a factor of 577275735?
False
Is 84272562 a multiple of 3078?
True
Is 133 a factor of 86783458?
False
Is 340 a factor of 74842500?
True
Is 892906792 a multiple of 37?
True
Is 151 a factor of 1684593092?
False
Does 3686 divide 181126990?
False
Is 911492806 a multiple of 11?
False
Is 52521843 a multiple of 49?
False
Does 33 divide 561900669?
True
Does 326 divide 47835284?
True
Is 294763648 a multiple of 32?
True
Does 667 divide 5081017029?
False
Does 284 divide 647824541?
False
Is 110997094 a multiple of 26?
True
Is 149 a factor of 42690884?
True
Does 83 divide 730190259?
True
Is 2686 a factor of 367246036?
True
Is 2188785 a multiple of 14?
False
Is 49 a factor of 1005578?
True
Does 83 divide 229994165?
False
Is 54655475 a multiple of 170?
False
Is 4214912 a multiple of 17?
True
Is 126 a factor of 3560964876?
True
Is 14696160 a multiple of 40?
True
Does 1493 divide 55073411?
False
Is 275092079 a multiple of 5258?
False
Is 22995350 a multiple of 1002?
False
Does 14 divide 8126260?
False
Does 75 divide 12575175?
True
Does 251 divide 27408949?
True
Does 192 divide 240844189?
False
Is 1465 a factor of 3345778396?
False
Is 7 a factor of 92157246?
False
Is 288156 a multiple of 37?
True
Is 638551746 a multiple of 21?
True
Is 39017808 a multiple of 4?
True
Is 3887 a factor of 108024055?
False
Is 178 a factor of 813796954?
True
Is 39 a factor of 441599978?
False
Is 8 a factor of 16757436?
False
Is 7 a factor of 524021521?
False
Does 63 divide 15295959?
True
Does 14 divide 9189600?
True
Is 43397221 a multiple of 206?
False
Does 5 divide 95632425?
True
Does 7 divide 316300158?
False
Is 309779753 a multiple of 28?
False
Does 6 divide 471493883?
False
Does 1419 divide 152575137?
True
Does 824 divide 862736424?
False
Is 77716144 a multiple of 4?
True
Does 361 divide 9717023?
False
Is 3 a factor of 578021768?
False
Is 11 a factor of 165001452?
True
Is 222992297 a multiple of 22?
False
Is 1344 a factor of 25756416?
True
Does 229 divide 245756388?
True
Does 4 divide 365026720?
True
Is 370 a factor of 172119930?
True
Is 87314544 a multiple of 37?
False
Does 355 divide 1844648655?
False
Is 124223541 a multiple of 13?
True
Is 7 a factor of 225375761?
False
Is 348786 a multiple of 18?
True
Is 221 a factor of 692462408?
False
Is 652667615 a multiple of 377?
False
Is 371 a factor of 1756078044?
True
Is 1157 a factor of 25127726?
True
Is 38 a factor of 34667818?
True
Is 425 a factor of 39610233?
False
Is 287 a factor of 16532380?
False
Is 69612951 a multiple of 921?
False
Is 298609558 a multiple of 14?
False
Is 3542247115 a multiple of 7?
False
Is 18131427 a multiple of 4?
False
Is 215832800 a multiple of 400?
True
Is 42 a factor of 71316381?
False
Is 179 a factor of 90927525?
True
Does 1200 divide 15536340?
False
Is 174168620 a multiple of 3073?
False
Is 139 a factor of 61503191?
True
Is 13414083 a multiple of 183?
True
Is 3413200953 a multiple of 155?
False
Is 12585782 a multiple of 22?
True
Does 6 divide 76187490?
True
Is 6360 a factor of 348856588?
False
Is 2445 a factor of 198600300?
False
Is 4 a factor of 71520898?
False
Does 124 divide 2352194874?
False
Is 44367900 a multiple of 142?
True
Is 139457656 a multiple of 19?
False
Is 207922359 a multiple of 30?
False
Is 278 a factor of 38884138?
True
Is 128076267 a multiple of 33?
True
Is 287 a factor of 44592338?
True
Is 43 a factor of 10561359?
True
Does 20 divide 141110829?
False
Is 6 a factor of 747312598?
False
Is 113954370 a multiple of 182?
False
Is 130 a factor of 111485782?
False
Is 601 a factor of 1755100901?
True
Does 16 divide 2819312252?
False
Is 1323 a factor of 13697918?
False
Is 959 a factor of 26716824?
False
Is 291939156 a multiple of 18?
True
Is 31 a factor of 952067350?
True
Is 31 a factor of 35500371?
False
Is 85274598 a multiple of 174?
False
Does 674 divide 3071645?
False
Does 1268 divide 14000087?
False
Is 2102055200 a multiple of 700?
True
Is 2008 a factor of 248504056?
True
Is 99346400 a multiple of 156?
False
Does 400 divide 4025798000?
True
Does 115 divide 484245105?
True
Is 6019981 a multiple of 421?
False
Is 44461853 a multiple of 1783?
False
Is 3555 a factor of 2014804891?
False
Is 41961213 a multiple of 110?
False
Is 51 a factor of 1195782515?
False
Is 2822929504 a multiple of 158?
False
Does 11 divide 438239725?
True
Does 6 divide 82369707?
False
Does 2222 divide 174895842?
True
Does 159 divide 58035?
True
Is 616138752 a multiple of 96?
True
Is 1490137492 a multiple of 13?
False
Does 12 divide 7821320?
False
Is 338 a factor of 1419512120?
True
Is 825834755 a multiple of 471?
False
Does 45 divide 23564835?
True
Is 3196 a factor of 13510649?
False
Is 6786 a factor of 514114146?
True
Is 1916 a factor of 594937780?
False
Is 252 a factor of 63530020?
False
Is 34071178 a multiple of 2131?
False
Is 14484525 a multiple of 543?
True
Is 168027325 a multiple of 397?
False
Is 47044660 a multiple of 23?
True
Does 54 divide 201159288?
True
Is 785499919 a multiple of 27?
False
Does 82 divide 50585636?
True
Is 47 a factor of 941480265?
True
Does 18 divide 383374975?
False
Does 225 divide 23087538?
False
Is 11975634 a multiple of 2?
True
Does 95 divide 2511515?
True
Is 44454441 a multiple of 31?
False
Is 34 a factor of 272837352?
True
Is 177852022 a multiple of 9?
False
Is 125952138 a multiple of 3?
True
Is 246787 a multiple of 173?
False
Is 256584727 a multiple of 2350?
False
Is 715379485 a multiple of 215?
False
Is 966088 a multiple of 788?
True
Is 58399882 a multiple of 73?
False
Does 1087 divide 168738271?
True
Is 101 a factor of 3716800?
True
Does 992 divide 187250912?
True
Is 240021953 a multiple of 24?
False
Does 35 divide 3070717125?
True
Is 1671620930 a multiple of 10?
True
Does 25 divide 1713450?
True
Is 1701833960 a multiple of 485?
True
Is 101297145 a multiple of 5?
True
Does 191 divide 18329315?
True
Is 4010944379 a multiple of 327?
False
Is 112550206 a multiple of 8?
False
Is 1063 a factor of 239549176?
True
Does 165 divide 2258449710?
True
Does 5 divide 232356360?
True
Is 3820432 a multiple of 1110?
False
Is 7255512 a multiple of 11?
True
Is 799721253 a multiple of 38?
False
Does 33 divide 301912776?
True
Is 567919380 a multiple of 5565?
True
Is 551 a factor of 210869904?
True
Is 85 a factor of 1956485375?
True
Does 17 divide 964835185?
False
Does 56 divide 9085067?
False
Does 136 divide 56005916?
False
Is 191 a factor of 106979673?
True
Is 17 a factor of 367923966?
False
Is 186455466 a multiple of 3378?
True
Is 19 a factor of 117085075?
False
Does 1190 divide 693527?
False
Is 71237408 a multiple of 461?
True
Does 12745 divide 2087875664?
False
Is 3239 a factor of 2202244685?
True
Does 106 divide 1242631453?
False
Does 4 divide 35880489?
False
Is 78 a factor of 79829361?
False
Is 30056535 a multiple of 35?
False
Is 19365024 a multiple of 24?
True
Does 521 divide 68775126?
True
Is 9 a factor of 979842006?
True
Is 53322978 a multiple of 152?
False
Does 3392 di